 what is -a + 79c?
792
In base 15, what is 4 + b1b?
b20
In base 12, what is -795 + -3?
-798
In base 14, what is -653 - -4?
-64d
In base 12, what is 121 - 11?
110
In base 15, what is 5 - a4?
-9e
In base 5, what is -1 + 2302?
2301
In base 12, what is 197 + -3?
194
In base 14, what is -172 - 0?
-172
In base 9, what is 21103 - 3?
21100
In base 15, what is -e1 - 3?
-e4
In base 9, what is 1 + 63?
64
In base 5, what is -3 - 240?
-243
In base 6, what is 410 - 2?
404
In base 12, what is -48 - 30?
-78
In base 11, what is -31 - -6?
-26
In base 10, what is -3 - 98?
-101
In base 13, what is -14 - -2?
-12
In base 2, what is -100000010 + 100?
-11111110
In base 13, what is -38a - -3?
-387
In base 7, what is 0 - 14?
-14
In base 7, what is 1660 - 0?
1660
In base 13, what is -5 - 1180?
-1185
In base 5, what is 0 + -342?
-342
In base 3, what is -221001 + 11?
-220220
In base 3, what is -10221 + -101?
-11022
In base 9, what is -380 + 14?
-365
In base 3, what is -1 - 1210?
-1211
In base 3, what is 1120 - 20?
1100
In base 2, what is 100111 + 1?
101000
In base 10, what is -61 + -2?
-63
In base 6, what is 31 - 2?
25
In base 13, what is 1 - -21?
22
In base 13, what is 156 + -28?
12b
In base 3, what is -12 - 110012?
-110101
In base 5, what is -222 + 13?
-204
In base 10, what is -12 + 14?
2
In base 11, what is -541 + -5?
-546
In base 16, what is -1 - 576?
-577
In base 3, what is -110000 - -12?
-102211
In base 6, what is 102 - -104?
210
In base 10, what is -146 + -2?
-148
In base 12, what is a - 15?
-7
In base 2, what is -110101 - -1111100?
1000111
In base 13, what is 18 + 8?
23
In base 13, what is 5b + -5?
56
In base 6, what is -441 - 100?
-541
In base 12, what is -84 + -43?
-107
In base 15, what is 14 + -34?
-20
In base 16, what is -23 - 5?
-28
In base 7, what is 25 - -12?
40
In base 4, what is 2 + -2102?
-2100
In base 6, what is 10421 - -1?
10422
In base 13, what is -5 - -95?
90
In base 15, what is -340e - 3?
-3412
In base 8, what is -14246 + 2?
-14244
In base 8, what is 465 - 2?
463
In base 7, what is -5 + 10152?
10144
In base 16, what is 3e + -3?
3b
In base 6, what is -111 + -5?
-120
In base 14, what is -3 + 394?
391
In base 11, what is 6 - -2?
8
In base 2, what is -101 + 10000101?
10000000
In base 14, what is 53 - 7?
4a
In base 6, what is 23123 - 5?
23114
In base 15, what is 26 + 1?
27
In base 8, what is -11 + 4?
-5
In base 12, what is 150 - -5?
155
In base 10, what is -3 + 12?
9
In base 5, what is -141 - -4?
-132
In base 11, what is 95 + -2?
93
In base 5, what is 3 + 1344?
1402
In base 8, what is -171 + -67?
-260
In base 15, what is 21 + -4d?
-2c
In base 6, what is -21520 - -4?
-21512
In base 5, what is -3 + 140?
132
In base 14, what is 2 + 21?
23
In base 11, what is 8 + 321?
329
In base 5, what is 10 + -131100?
-131040
In base 10, what is -116 + 3?
-113
In base 5, what is 10 - 12103?
-12043
In base 14, what is 26 + -2?
24
In base 8, what is -10 + 26?
16
In base 10, what is 3 - -140?
143
In base 9, what is -24 + 48?
24
In base 15, what is 0 - -48b?
48b
In base 3, what is 12 - -1200200?
1200212
In base 4, what is -3 - 3000?
-3003
In base 4, what is 100 + -1220?
-1120
In base 9, what is 5 + 123?
128
In base 3, what is -1000 + -2?
-1002
In base 10, what is -5 + 230?
225
In base 15, what is a0c + -2?
a0a
In base 6, what is -345 + -1?
-350
In base 10, what is 438 - 3?
435
In base 2, what is -10001 - 1000110?
-1010111
In base 11, what is -a4 - -35?
-6a
In base 15, what is 3 - -980?
983
In base 9, what is 2 + 426?
428
In base 4, what is -1 - -1300?
1233
In base 9, what is -26 - 6?
-33
In base 8, what is -25117 + -5?
-25124
In base 6, what is 533 - -12?
545
In base 7, what is -13550 + -4?
-13554
In base 16, what is -44 + -1f?
-63
In base 6, what is -113 - -24?
-45
In base 15, what is 2 - c2?
-c0
In base 9, what is 3811 - -5?
3816
In base 14, what is 22 - -16?
38
In base 2, what is -101011 + 10110000?
10000101
In base 16, what is 0 + 669?
669
In base 16, what is -7 - -6?
-1
In base 13, what is 4 - 7a?
-76
In base 12, what is 4 - 10?
-8
In base 15, what is 13 - -b?
1e
In base 14, what is 28 - 1?
27
In base 2, what is 1001 + 101011111?
101101000
In base 3, what is -1 - 2110?
-2111
In base 10, what is -4600 + 0?
-4600
In base 11, what is 26 - 9?
18
In base 14, what is -c76 + -6?
-c7c
In base 11, what is 5 + 271?
276
In base 13, what is 3 + -443?
-440
In base 2, what is 100 - -10010001?
10010101
In base 5, what is 4 + -3143?
-3134
In base 15, what is -4e + -5?
-54
In base 9, what is -12 + 46?
34
In base 8, what is 6 - 166?
-160
In base 7, what is 12 - 120?
-105
In base 8, what is 4 + -645?
-641
In base 10, what is 54389 + -2?
54387
In base 11, what is 10 - 328?
-318
In base 6, what is -55 - -321?
222
In base 2, what is -10001 - 1001?
-11010
In base 10, what is 246 + -3?
243
In base 13, what is -81 + 33?
-4b
In base 4, what is 210 + 13?
223
In base 12, what is 6b - 50?
1b
In base 10, what is -1 + 57?
56
In base 7, what is 14403 - -2?
14405
In base 12, what is 744 + -5?
73b
In base 8, what is -1 + -507?
-510
In base 5, what is 24 - 333?
-304
In base 15, what is 338 + 4?
33c
In base 7, what is 6 + 104?
113
In base 6, what is -101 + -10?
-111
In base 10, what is -513 - -6?
-507
In base 13, what is -a00 + -5?
-a05
In base 7, what is 5 + -135?
-130
In base 13, what is -12 - b8?
-ca
In base 12, what is 9 - 50a?
-501
In base 16, what is -b34 - 2?
-b36
In base 6, what is 302 - 0?
302
In base 8, what is -405 + -6?
-413
In base 7, what is -5 + -43?
-51
In base 8, what is 4 + -35?
-31
In base 8, what is 2 - -2022?
2024
In base 9, what is -5 + -6773?
-6778
In base 6, what is -2 + -41331?
-41333
In base 7, what is -1 - -13?
12
In base 4, what is -11 - -1030?
1013
In base 4, what is -22 + 23333?
23311
In base 2, what is -10 + -101000110?
-101001000
In base 9, what is 2 + -62?
-60
In base 11, what is 12a - -76?
1a5
In base 8, what is 327 + 40?
367
In base 11, what is 5 - -12?
17
In base 7, what is 62 - 3?
56
In base 11, what is 11 - -14?
25
In base 2, what is -1100 + -110110?
-1000010
In base 6, what is 3 + 15?
22
In base 14, what is 1 - 1302?
-1301
In base 15, what is a + -25?
-1a
In base 3, what is 12 + -1002?
-220
In base 2, what is -110 + 10?
-100
In base 9, what is -10 + 8?
-1
In base 7, what is 4 + 1302?
1306
In base 14, what is 20 + 1a?
3a
In base 15, what is 5 - 16?
-11
In base 5, what is -34224 + -2?
-34231
In base 4, what is 10012 - 11?
10001
In base 16, what is -3f - 2?
-41
In base 10, what is -14 - 2?
-16
In base 5, what is -22 + 440?
413
In base 6, what is 22305 + 4?
22313
In base 14, what is 3d2 + -1a?
3b6
In base 3, what is -101 + 210111?
210010
In base 11, what is 18 + 189?
1a6
In base 13, what is -10 - c?
-1c
In base 13, what is 118 - -3?
11b
In base 10, what is 0 + -95?
-95
In base 3, what is -2 + -100211?
-100220
In base 6, what is -253 - 24?
-321
In base 4, what is -11 - -2?
-3
In base 10, what is 43 + 37?
80
In base 2, what is 100 - -110011?
110111
In base 2, what is -111 - 1101011?
-1110010
In base 3, what is -101000020 - -2?
-101000011
In base 11, what is -a + -37?
-46
In base 11, what is -1 - 4?
-5
In base 7, what is 30 - -30?
60
In base 6, what is -42002 + 0?
-42002
In base 14, what is -45 - -8?
-3b
In base 2, what is 100 - -10011010?
10011110
In base 8, what is -2142 + 0?
-2142
In base 4, what is 100302 - -3?
100311
In base 6, what is 12223 - -4?
12231
In base 9, what is -104 + 32?
-62
In base 6, what is -4 - 4440?
-4444
In base 5, what is 424 + -11?
413
In base 7, what is 160 + 104?
264
In base 5, what is 2 - -113?
120
In base 8, what is -10 + 65?
55
In base 13, what is -572 - -3?
-56c
In base 12, what is -b7 - -2?
-b5
In base 12, what is -16617 + -5?
-16620
In base 10, what is 9 - -54?
63
In base 7, what is -2 - -14224?
14222
In base 9, what is -2 + 2058?
2056
In base 9, what is -21 + -11?
-32
In base 16, what is -2 + 9a?
98
In base 8, what is 24420 + 3?
24423
In base 5, what is -12 - -100?
33
In base 2, what is -1110 - 0?
-1110
In base 16, what is -5 + 3c?
37
In base 9, what is -2 - 442?
-444
In base 2, what is -100011 + 1100?
-10111
In base 9, what is -3 - -15?
12
In base 3, what is 110 + 21222?
22102
In base 11, what is 170 + 8?
178
In base 4, what is -133 - 20?
-213
In base 15, what is 1c + 21?
3d
In base 10, what is -109 - -5?
-104
In base 12, what is 10 + 